4)) is divided by 120/50*(-5)/(-2)?
5
Let v = -23650 + 23669. What is the remainder when 4235 is divided by v?
17
Suppose 71*o - 516 = -5*n + 72*o, 4*n = -4*o + 384. Calculate the remainder when 590 is divided by n.
80
Let q be 9/27 + 454/6 + 0. Suppose 69*s + 168 = q*s. What is the remainder when 90 is divided by s?
18
What is the remainder when 3380 is divided by 6/(-60) - 1881/(-10)?
184
Suppose -c - 3*c = -4*b + 816, 0 = 2*b + 2*c - 388. Suppose 4*m = -5*g + 64 + 129, 0 = -5*g - 2*m + b. What is the remainder when 89 is divided by g?
7
Let h be 4*(-4)/12*3. Let q be -1 + 14 - (-4)/h. Suppose -q = -9*v + 8*v. Calculate the remainder when 43 is divided by v.
7
Suppose 132 = 4*r - 60. Suppose -4*j = u - 171, j - 53 = 3*u + 6. Suppose 2*p - 5*a - 1 = 0, 0*p - a + j = 3*p. Calculate the remainder when r is divided by p.
9
Suppose 31227 = 28*g + 14*g + 9009. Calculate the remainder when g is divided by 152.
73
Let q be 0/(-1*2/(-2)). Let g be 66/(-6) - (-42 + 26). Suppose g*n + 5 = q, -4*b + 4*n + 71 = 11. Calculate the remainder when 35 is divided by b.
7
Let d(u) = 2*u**3 - 24*u**2 - 164*u - 51. Calculate the remainder when 92 is divided by d(17).
41
Let w be (-32095)/140 - 1/(-4). Let y = 322 + w. What is the remainder when y is divided by 36?
21
Let v be (3 - 0)*(-12)/18. Calculate the remainder when (-2 - (-1 + -1)) + 3 is divided by (v - (-15)/9) + (-8)/(-6).
0
Let y(m) = 10*m**2 + 14*m + 14. Suppose 21*g + 22 = 10*g. What is the remainder when 133 is divided by y(g)?
3
Suppose -5*a + 135 = -2*a. Let b = a - 17. What is the remainder when ((-5)/(-2))/(2/b) is divided by 18?
17
Let u(w) = -155*w - 1546. Calculate the remainder when u(-12) is divided by 15.
14
Let w(b) = -4*b + 71. Let l be w(17). Suppose -14 = -2*v + 2*n - 2, -n + 22 = l*v. What is the remainder when 41 is divided by v?
6
Suppose -4*d - 2*p = -0*p, 3*p + 22 = 5*d. Suppose 0 = -52*n + 54*n - 96. Calculate the remainder when n is divided by 11*2 + (d - 8) + 5.
6
Calculate the remainder when 661 is divided by 1 + (-8)/6*6 + 93.
59
Let x(w) = -37*w + 137. Calculate the remainder when x(-3) is divided by 29.
16
Suppose -5*f + 3*n = -6738, -4*f + 5391 = 8*n - 11*n. What is the remainder when f is divided by 54?
51
Suppose 161 = -21*b + 28*b. What is the remainder when 75 is divided by b?
6
Let n(w) = -w**3 + 21*w**2 - 70*w - 103. Calculate the remainder when n(15) is divided by 53.
38
Let r(n) = 7*n**3 - 58*n**2 - 17*n + 32. What is the remainder when r(9) is divided by 150?
134
Let t = 6739 - 6726. Calculate the remainder when 1843 is divided by t.
10
Let d = 16397 - 16285. Calculate the remainder when 273 is divided by d.
49
Let k(w) = w**3 - 4*w**2 - 7*w + 3. What is the remainder when ((-4)/3 + 1081/(-69))/(9/(-279)) is divided by k(6)?
32
Suppose -3399*l = -3396*l - 51. What is the remainder when 679 is divided by l?
16
Let i(c) = 5*c**2 + 9 + 5 - 22 + 9*c. What is the remainder when i(-4) is divided by 5?
1
Suppose 3*q - 11*q = -176. Let v be 299/9 - 20/90. What is the remainder when q is divided by 54/8 + v/(-44)?
4
Let w be -6*(9/(-2) - -1). Let q(k) = -k**3 + 21*k**2 - 2*k + 17. Let r be q(w). Calculate the remainder when 47 is divided by ((-5)/(15/9) + 2)*r.
22
Calculate the remainder when -3*148/(-12)*4 is divided by (1 - -21)*1729/494.
71
Suppose -216 + 6 = -210*b. Suppose -3*z - 4*d + 1 = 9, -4*z + 1 = 3*d. Suppose 2*k - z*k = -12. Calculate the remainder when k is divided by b.
0
Let b(d) = -5*d + 5. Let a be b(2). Let z(l) = 4*l**2 + 16*l + 6. Let s = 119 + -16. Calculate the remainder when s is divided by z(a).
25
Suppose -3*y - 21*y = -9457 - 4055. What is the remainder when y is divided by 109?
18
Let n(b) = -4*b**3 - 33*b**2 - 6*b + 13. What is the remainder when n(-10) is divided by 39?
32
Let n(b) = -63*b**3 - 2*b**2 - 31*b - 8. Calculate the remainder when n(-3) is divided by 57.
1
Let r be ((-5)/(-4))/((-14)/(-8) - 2). Let h be r/(-1 + 14/16). Suppose 3*c = -4 + h. What is the remainder when 46 is divided by c?
10
Suppose 917 = 17*c + 152. What is the remainder when 97 is divided by c?
7
Suppose -x + 65 = -u + 4*u, 3*u = 5*x + 35. Suppose 4*h - 5 = 3*h - t, 4*h + u = 4*t. Suppose h*y = -5*y + 300. Calculate the remainder when y is divided by 16.
12
Let c = 36 - 26. What is the remainder when 61 + 120/(-10 - 2) is divided by c?
1
Suppose g + 5*l - 124 = 0, l = -0*g - g + 120. Let k(a) = a**2 - 75*a + 670. What is the remainder when g is divided by k(10)?
19
Let c(x) = 21*x + 19. Suppose 0 = 10*y - 29 - 431. What is the remainder when c(6) is divided by y?
7
Suppose -20*r = -889 + 89. Let k(p) = 17*p**2 - 3*p - 5. What is the remainder when k(-4) is divided by r?
39
Suppose 0 = 16*m - 20*m + 5*a - 211, 184 = -4*m - 4*a. Let g = m - -67. Calculate the remainder when 59 is divided by g.
5
Let t(k) = 24*k**2 - 160 + 160. Let d be t(-1). Suppose -c + l + d = 2*c, 5*c - 5*l = 50. What is the remainder when c is divided by 2?
1
Suppose 0 = -j + 4*j - 261. Let c = j + 15. Suppose 6*w - 96 = c. What is the remainder when 64 is divided by w?
31
Suppose -46*r - 6 = -49*r. Suppose -5 = x - 41. Suppose -4*d = -t - 24, -3*d + x = d + r*t. Calculate the remainder when 26 is divided by d.
5
Let j be (-130)/(-30) - (-1)/(-3). Suppose 5*u - u = 2*o - 1300, -2*o + 1320 = u. Suppose -j*v + o = 142. Calculate the remainder when v is divided by 26.
25
Suppose -4*x + 4*v + 1 = -51, 5*v + 43 = 3*x. Let r(n) = 37*n - 104. What is the remainder when r(4) is divided by x?
0
Let g(n) = 9*n + 1932. What is the remainder when g(42) is divided by 390?
360
Let m(c) = 220*c**2 + 9*c - 7. Let j be (-8)/(-4)*8/16. Calculate the remainder when m(j) is divided by 45.
42
Suppose -2*k + 6 = -0*z + 3*z, 0 = 5*k + 5*z - 5. Let s(y) = 9*y**2 + 2*y + 2. Let o be s(k). Let r = o - 4. Calculate the remainder when r is divided by 15.
13
Suppose -q = -5*r - 377, r - 1424 = -8*q + 4*q. Let o = q + -354. Calculate the remainder when o is divided by 3.
0
Let s = 5738 + -5627. Calculate the remainder when s is divided by 14.
13
Suppose 73*i - 71*i = -4*y + 584, 4*y + 3*i = 588. What is the remainder when 462 is divided by y?
30
Suppose 52*r - 19 - 541 = 44*r. What is the remainder when 615 is divided by r?
55
Let x = -3927 + 3949. Calculate the remainder when 2220 is divided by x.
20
Let l(p) = -2*p - 46. Let i be l(-6). What is the remainder when (-3)/30*-596*(-85)/i is divided by 19?
16
Suppose 0 = 100*v - 343*v + 53217. Suppose 6 = 4*a - 2*w, 0 = -a - 0*a - w + 3. Calculate the remainder when v is divided by 45 + (-2)/(a + 0).
43
Calculate the remainder when 5547 is divided by -14 + 3 + 1164/108 + (-346)/(-18).
18
Suppose s = -l - 2*l + 17, -s - 5*l = -15. Suppose 0 = -5*x + 3*x + s. Let r = -213 - -252. What is the remainder when r is divided by x?
9
Suppose 31*u + 378 = 37*u. What is the remainder when ((-32)/6)/((-42)/u) is divided by 3?
2
Let g be 108/486 + 1976/18. Let f = g + 227. Calculate the remainder when f is divided by 34.
31
What is the remainder when 606 is divided by ((-578)/8)/((46/8)/(-23))?
28
Let g(w) = -w**3 - 31*w**2 - 126*w + 125. What is the remainder when 208 is divided by g(-26)?
19
Suppose -4*n - 4*b = -108, -155 = -5*n - 2*b - 11. Let j(y) = -y**3 - 26*y**2 - 299*y - 6845. What is the remainder when n is divided by j(-25)?
0
What is the remainder when ((-13 - -14) + 6)*(-600)/(-14) is divided by 289?
11
Let t(r) = -1178*r + 2477. Calculate the remainder when 1315 is divided by t(2).
105
Let c = -184 - -211. Let o be 1 - (5 - 2) - -4. Suppose -2*u + 5 + c = 3*p, -4*p + 46 = o*u. Calculate the remainder when 36 is divided by p.
8
Suppose -164 = -p - 2*s, 0 = -0*p + 3*p + 4*s - 486. Suppose 2*o - 3*n = -0*n + p, 0 = 3*n. Calculate the remainder when o is divided by 20.
19
Let g = 2961 - 1642. Suppose 15 = 1324*v - g*v. What is the remainder when 15 is divided by v?
0
Let x = -15025 + 15089. What is the remainder when (-17 - 1)*63/(-6) is divided by x?
61
Suppose -z + 2*x = -82, 0 = 5*z + 5*x - 10*x - 435. What is the remainder when z is divided by 24?
20
Calculate the remainder when 1 + 3/(3/1046) + -63 + 64 is divided by 262.
0
What is the remainder when 77730/55 + (9 - 2 - 960/132) is divided by 93?
18
Let m = -987 + 1079. What is the remainder when 179 is divided by m?
87
S